of (-26)/(l*3/o).
3, 13
List the prime factors of (0 - -5 - 6) + 1157.
2, 17
Suppose 5*j = 16 - 1. Suppose -15 = -j*h - 0*h. Suppose -h*d + 3*c = -203, -5*d = c - 227 + 8. What are the prime factors of d?
43
Let j = 6 + -3. Let p(q) = 30*q - 1. What are the prime factors of p(j)?
89
Suppose -184*b = -181*b - 165. What are the prime factors of b?
5, 11
Let p = 3963 - 2167. What are the prime factors of p?
2, 449
Let m(r) = -r**2 - r - 11. Let l be m(0). Let x(z) = -5*z + 3*z**2 + 4*z - 2 + 8*z**2 + z**3 + 15. What are the prime factors of x(l)?
2, 3
What are the prime factors of ((-87)/(-12) - 3/12)*31?
7, 31
Let v = 14 + -13. Let p be v + ((-6)/(-2) - 40). List the prime factors of (p/24)/((-1)/24).
2, 3
Suppose 5*d + z = -3*z - 614, 3*z = 3*d + 390. Let t = -77 - d. What are the prime factors of t?
7
Let r(l) = l**3 - 15*l**2 - 14*l - 22. Suppose -4*k + 10 = 4*h - 178, -5*h - 143 = -4*k. Let d = k + -26. List the prime factors of r(d).
2, 5
Let l be 3 + 2 - (1 - -2). Let i be (l/3)/((-10)/(-45)). Suppose i*x - 69 = -3*u, -4*x = -3*x - 2*u - 29. What are the prime factors of x?
5
List the prime factors of (-237)/(-158)*(-1670)/(-3).
5, 167
Let f be 7 - (1 - 2)*1. Let u = f - 8. Suppose 3*b - r = 118, -5*b + u*r + 204 = 2*r. What are the prime factors of b?
2, 5
Suppose 16*l - 13*l = 12. Suppose 5*g - 769 = -3*p + 47, -l*p = 3*g - 494. List the prime factors of g.
2, 3
Let x = 865 - 307. What are the prime factors of x?
2, 3, 31
Suppose 4*m + 84 = f + 2*m, -4*f + 2*m + 336 = 0. What are the prime factors of (f/(-8))/(1/(-6))?
3, 7
Let s(n) = 368*n - 67. List the prime factors of s(4).
5, 281
Suppose 157 + 422 = 3*s. Suppose -3*x - 4*j + 5*j + s = 0, 0 = -4*x - j + 248. List the prime factors of x.
3, 7
Let z(k) = k**3 - k**2 - k - 2. Let v be z(2). Let x be (-10 - v)*5/(-10). Suppose x*i = 0, -4*i = -2*a - 2*i + 38. List the prime factors of a.
19
Let n = -8 + 28. Let j be (5/4)/((-5)/n). Let t(y) = y + 17. What are the prime factors of t(j)?
2, 3
Let y be 0 - 10 - (-35 + 38). Let f = y + 39. List the prime factors of f.
2, 13
What are the prime factors of 695/15 - 3/9?
2, 23
Let u = 97 + 36. Let a be (-56)/(-6)*684/u. Suppose 2*k - 20 = a. List the prime factors of k.
2, 17
Let k(p) = 2286*p**2 - 11*p + 11. List the prime factors of k(1).
2, 3, 127
Let x be ((-2)/2)/(17/(-85)). Suppose 282 = x*n - 273. List the prime factors of n.
3, 37
Suppose -a - 2*a = -6. Suppose 0*q - 11 = -4*q - 5*o, q + a*o + 1 = 0. Let s = q + 19. What are the prime factors of s?
2, 7
Suppose 2*t = -0*o + o + 85, -5*o - 89 = -2*t. Suppose 0 = -2*s - s + t. What are the prime factors of s?
2, 7
Let o be 24/9*3 - 4. Suppose 6 = k - o*k + d, -4*d + 10 = -5*k. List the prime factors of 9/k*8/(-12).
3
Suppose 0 = 2*h + 6, 2*t + 3*h = 7*h + 1408. What are the prime factors of t?
2, 349
Suppose -2*b + 50 = -7*b. What are the prime factors of (-90)/(-4)*(-36)/b?
3
Let t(l) = -42*l + 264. What are the prime factors of t(-17)?
2, 3, 163
Suppose -o + 36 = -2*r, -3*r - 3*o - 36 = 36. What are the prime factors of (32/40)/((-1)/r)?
2
Let o(k) = -k**2 - 6*k + 2. Let f be o(-6). Let i(d) = -2*d - 1 + f + 3*d**2 + d - d**2. List the prime factors of i(-2).
11
Suppose 2*f = 4 - 0. Suppose 0 = -p + f*p - 4, 2*c - 144 = 4*p. List the prime factors of c.
2, 5
Let k(o) = -o**3 - 10*o**2 - 10*o + 7. Let w be k(-9). Let v = 13 - w. What are the prime factors of -3 + -3 + 27 + v?
2, 3
Let q be (-18)/4*(1 - -1). Let f = q + 11. Suppose -f*u - 2*u + 5*z + 97 = 0, 4*u = -z + 115. List the prime factors of u.
2, 7
Let d(s) = -s - 14. Let i be d(-17). Suppose -i*z - 3*z + 234 = 0. What are the prime factors of z?
3, 13
Let z = -5 - -42. Suppose -z = -2*y + 201. List the prime factors of y.
7, 17
Suppose 5*w = -f + 45, 2*w - w + 2*f = 0. Let p = 52 - w. Let d = p + -20. List the prime factors of d.
2, 11
Suppose -8*y = -3*y - 65. Let o(m) = -m**2 + 18*m - 22. List the prime factors of o(y).
43
What are the prime factors of (-1)/(-6) - -1*203182/84?
41, 59
Let z(w) = 3*w**2 - 17*w - 34. What are the prime factors of z(20)?
2, 7, 59
Let g(y) = 14*y - 16. Let f be g(6). Let x = 161 - f. What are the prime factors of x?
3, 31
Let k = 19 - 14. Suppose b + 2 = -4*x + k, -30 = -2*b - 2*x. List the prime factors of b.
19
Let v be (-24)/12 - (0 + 448). Let q = -310 - v. Let x = q - 95. List the prime factors of x.
3, 5
Let t be -14*(4 + 180/(-42)). Suppose -65 - 951 = -t*p. What are the prime factors of p?
2, 127
Let q(v) = -2*v**3 - 5*v**2 + 3*v - 14. Let g be q(-5). Let r = -19 + g. Let t = r - 46. What are the prime factors of t?
31
Suppose 1152*j - 1142*j = 2350. What are the prime factors of j?
5, 47
Let a(s) = -s**3 - 6*s**2 + 5*s - 2. Let k be a(-7). Let b = -54 - -91. Suppose -5*r + b - k = 0. What are the prime factors of r?
5
Let n(u) = 95*u**3 - 6*u + 5. Suppose 16*l + 3 = 19*l. List the prime factors of n(l).
2, 47
Let p = -1760 - -2655. List the prime factors of p.
5, 179
Let i = 4100 - 2736. List the prime factors of i.
2, 11, 31
Suppose w = -0*w. Suppose 6*j + w*j = 222. Let q = j - 7. List the prime factors of q.
2, 3, 5
Let g(j) = 17*j - 14. Let y(u) = 2*u**2 + 11*u - 17. Let t be y(-7). List the prime factors of g(t).
2, 3
Suppose -6 = 2*p, p + 51 = -5*g + 9*g. Suppose -316 = n - 5*n. Suppose h - n = -g. What are the prime factors of h?
67
Suppose x - 3 = -5*l, 5*x - l = -50 - 39. List the prime factors of 0 - -3 - (-19 - x).
5
Let v(j) = -53*j**3 - j**2 + j + 3. List the prime factors of v(-2).
421
Suppose -24*b = 6*b - 84210. What are the prime factors of b?
7, 401
Let y(t) = t**2 - 3*t. Let k be y(-3). Let j be (-12)/k*(-6 - 0). Let b = j + 4. What are the prime factors of b?
2
What are the prime factors of 938/(-14)*1/(-1)?
67
Suppose 5*z = -u - 110, -2*z + 7*z + 110 = -3*u. What are the prime factors of 1 - z - 0/2?
23
Let l be (-135)/18*36/(-10). What are the prime factors of (-4)/6 - (-1719)/l?
3, 7
Suppose -3*v - 2*v - 3*x + 2333 = 0, 4*v + 2*x = 1866. List the prime factors of v.
2, 233
Suppose k = -y + 3382, -12*y + 15*y - 3382 = -k. What are the prime factors of k?
2, 19, 89
Suppose -544 = -2*d + 4*h, -4*d + 1060 = -0*d - h. List the prime factors of d.
2, 3, 11
List the prime factors of -3 - ((-42)/6 - 2349).
13, 181
Let r(j) = 2*j**2 - 5*j + 6. Let t(q) = q**2 - q + 1. Suppose 0 = -5*w + 5*b, 3*w - w - 3*b = -1. Let p(z) = w*r(z) - t(z). What are the prime factors of p(-4)?
37
Let x(d) = d**2 - 20*d - 25. List the prime factors of x(31).
2, 79
Let w = -1806 + 5944. What are the prime factors of w?
2, 2069
List the prime factors of 3073/4 + 18/24 + 2.
3, 257
Let q = 79 - 80. What are the prime factors of 3/(-3)*q - 43/(-1)?
2, 11
Let t be 11/(-88) - (-146)/16. Suppose t*y - 7*y - 280 = 0. List the prime factors of y.
2, 5, 7
Suppose -1 = -o - 4. Let u = o + 1. List the prime factors of 4 + u - (-1)/1.
3
Let n be (-128)/8 + -1 + 2. List the prime factors of (n/10)/((-3)/78).
3, 13
Suppose -37 = -4*r - 5*n, -8 = -r - 3*n + 2*n. Suppose -2*d = -2*w - 19 + 1, 4*d = -r*w + 1. Suppose d*v = 57 + 11. What are the prime factors of v?
17
List the prime factors of -24*(-3)/(-30)*5*-150.
2, 3, 5
Suppose 4*p - 16 = -0*w - w, -5*w = -3*p + 12. Suppose w = 5*h - 52 - 63. List the prime factors of h.
23
Let v(h) = h**2 - 8*h + 3. Let d be v(8). Suppose 0 = -2*a - a - 4*b - 9, 0 = 2*a + d*b + 6. List the prime factors of 16 + 3 + -6 + a.
2, 5
Let j be (2 - (-24)/(-14)) + (-95)/(-35). Let d = 53 + j. What are the prime factors of d?
2, 7
Let l = -646 - -319. Let p = 473 + l. What are the prime factors of p?
2, 73
Let r(f) = f**2 - f - 211. Let a be r(0). Let x = 343 + a. What are the prime factors of x?
2, 3, 11
Suppose 7 = -2*j - 5. What are the prime factors of 9/j*110/(-3)?
5, 11
Suppose -b = 569 - 6140. List the prime factors of b.
3, 619
Suppose -3*b - 145 = -8*b + 4*i, 3*b - i - 87 = 0. What are the prime factors of b?
29
Suppose -8*v + 105 = -3*v. Suppose -k + v = 9. List the prime factors of 69/(-9)*k/(-4).
23
Let c(f) = 2*f - 4. Let v be c(3). Let l(u) be the third derivative of u**5/12 - u**4/12 - u**3/3 + u**2. List the prime factors of l(v).
2, 7
Suppose -3 = 3*n - 3*y, -2*n + 1 = -0*n + y. Suppose -8*b + 7*b = n. Suppose 3*q + b*p - 124 = 5*p, 3*q - 4*p - 128 = 0. List the pri